{"id":36108,"date":"2024-08-23T14:31:39","date_gmt":"2024-08-23T19:31:39","guid":{"rendered":"https:\/\/apabep.qroo.gob.mx\/?page_id=36108"},"modified":"2026-04-16T18:51:43","modified_gmt":"2026-04-16T23:51:43","slug":"instrumentos-normativos","status":"publish","type":"page","link":"https:\/\/apabep.qroo.gob.mx\/index.php\/instrumentos-normativos\/","title":{"rendered":"Instrumentos normativos"},"content":{"rendered":"\t\t<div data-elementor-type=\"wp-page\" data-elementor-id=\"36108\" class=\"elementor elementor-36108\">\n\t\t\t\t<div class=\"elementor-element elementor-element-4cf2fffa e-flex e-con-boxed e-con e-parent\" data-id=\"4cf2fffa\" data-element_type=\"container\">\n\t\t\t\t\t<div class=\"e-con-inner\">\n\t\t\t\t<div class=\"elementor-element elementor-element-4e57da0a elementor-widget elementor-widget-text-editor\" data-id=\"4e57da0a\" data-element_type=\"widget\" data-widget_type=\"text-editor.default\">\n\t\t\t\t<div class=\"elementor-widget-container\">\n\t\t\t\t\t\t\t\t\t<hr class=\"wp-block-separator has-alpha-channel-opacity\" \/>\n<p class=\"has-contrast-color has-text-color has-link-color has-large-font-size wp-elements-2d60ff176bc7f4bd47755524fcda3468\"><strong>Instrumentos normativos Planeaci\u00f3n<\/strong><\/p>\n\n<div class=\"wp-block-file\"><a id=\"wp-block-file--media-7107743a-9e15-4589-ab5c-27737aac8fd5\" href=\"https:\/\/apabep.qroo.gob.mx\/wp-content\/uploads\/2024\/08\/Ley-de-Planeacion-para-el-Desarrollo-del-Estado-de-Quintana-Roo-15-08-22.pdf\" target=\"_blank\" rel=\"noreferrer noopener\">Ley de Planeacion para el Desarrollo del Estado de Quintana Roo 15 08 22<\/a><\/div>\n\n<div class=\"wp-block-file\"><a id=\"wp-block-file--media-b39c1e79-1db9-446b-98c4-05a49e1281cf\" href=\"https:\/\/apabep.qroo.gob.mx\/wp-content\/uploads\/2024\/08\/Ley_de_Planeacion_41-XV-20170704-74.pdf\" target=\"_blank\" rel=\"noopener\">Ley_de_Planeacion_41-XV-20170704-74<\/a><\/div>\n\n<div class=\"wp-block-file\"><a id=\"wp-block-file--media-80068c0d-bf4c-4d19-979f-f0b21de4c3eb\" href=\"https:\/\/apabep.qroo.gob.mx\/wp-content\/uploads\/2024\/08\/Lineamientos-para-la-Formulacion-Seguimiento-y-Actualizacion-de-los-Programas-derivados-del-Plan-Estatal-de-Desarrollo-2023-2027.pdf\" target=\"_blank\" rel=\"noopener\">Lineamientos para la Formulaci\u00f3n, Seguimiento y Actualizaci\u00f3n de los Programas derivados del Plan Estatal de Desarrollo 2023-2027.<\/a><\/div>\n\n<div class=\"wp-block-file\"><a id=\"wp-block-file--media-0de6898e-ca82-40cd-a841-edc4a43bf7ed\" href=\"https:\/\/apabep.qroo.gob.mx\/wp-content\/uploads\/2024\/08\/Reglamento-de-la-Ley-de-Planeacion-para-el-Desarrollo-del-Estado.pdf\" target=\"_blank\" rel=\"noopener\">Reglamento de la Ley de Planeacion para el Desarrollo del Estado<\/a><\/div>\n\n<p>\u00a0<\/p>\n<hr class=\"wp-block-separator has-alpha-channel-opacity\" \/>\n<p class=\"wp-elements-1f6fe1b069783a482969e0285fcb4bfe\">\u00a0<\/p>\n<p class=\"has-contrast-color has-text-color has-link-color has-large-font-size\"><strong>Decreto de Creaci\u00f3n APABEP<\/strong><\/p>\n\n<div class=\"wp-block-file\"><a id=\"wp-block-file--media-60491836-441a-4a80-b5fb-80eaa792360a\" href=\"https:\/\/apabep.qroo.gob.mx\/wp-content\/uploads\/2024\/08\/DECRETO-PERIODICO-OFICIAL-2009-APABEP.pdf\" target=\"_blank\" rel=\"noopener\">DECRETO PERIODICO OFICIAL 2009 APABEP<\/a><\/div>\n<div><a href=\"https:\/\/apabep.qroo.gob.mx\/wp-content\/uploads\/2026\/04\/Reglas-de-Operacion-APABEP-PeriodicoOficial_ORDINARIO-6_2026-02-27_Extract.pdf\" target=\"_blank\" rel=\"noopener\">Reglas de Operaci\u00f3n APABEP 2026<\/a><\/div>\n<div>\n<p>\u00a0<\/p>\n<hr class=\"wp-block-separator has-alpha-channel-opacity\" \/><\/div>\n<h2>\u00a0<\/h2>\n<h2><strong>Mejora Regulatoria<\/strong><\/h2>\n<p><a href=\"https:\/\/drive.google.com\/file\/d\/1-TwCFWYzgy3J1d2T-uQ6yKZYIq3goWQE\/view?usp=sharing\" target=\"_blank\" rel=\"noopener\">Lineamientos de los Programas de Mejora Regulatoria de los Sujetos Obligados de la Administraci\u00f3n P\u00fablica Estatal<\/a><\/p>\n<p><a href=\"https:\/\/apabep.qroo.gob.mx\/wp-content\/uploads\/2026\/04\/ACUERDO-PARA-EL-REGISTRO-DE-LOS-PROYECTOS-DE-MANUALES-ADMINISTRATIVOS.pdf\" target=\"_blank\" rel=\"noopener\">Acuerdo por el que se da a conocer el proceso para el Registro de los Proyectos de Manuales Administrativos<\/a><\/p>\n<p>\u00a0<\/p>\n<hr class=\"wp-block-separator has-alpha-channel-opacity\" \/>\n<h2>\u00a0<\/h2>\n<h2><strong>Tr\u00e1mites y Servicios<\/strong><\/h2>\n<p><a href=\"https:\/\/drive.google.com\/file\/d\/1gAnxDHvCrlwifAoZoK1Dv5HhiLOZNw6R\/view?usp=sharing\" target=\"_blank\" rel=\"noopener\"><span style=\"font-size: inherit;\">Acuerdo por el que se emite la gu\u00eda para la elaboraci\u00f3n del Manual de Procedimientos de Tr\u00e1mites y Servicios para las Dependencias, \u00d3rganos administrativos desconcentrados y entidades de la Administraci\u00f3n P\u00fablica del Estado de Quintana Roo<\/span><\/a><\/p>\n<div>\u00a0<\/div>\n\t\t\t\t\t\t\t\t<\/div>\n\t\t\t\t<\/div>\n\t\t\t\t\t<\/div>\n\t\t\t\t<\/div>\n\t\t\t\t<\/div>\n\t\t","protected":false},"excerpt":{"rendered":"<p>Instrumentos normativos Planeaci\u00f3n \u00a0 \u00a0 Decreto de Creaci\u00f3n APABEP<\/p>\n","protected":false},"author":4,"featured_media":0,"parent":0,"menu_order":0,"comment_status":"closed","ping_status":"closed","template":"","meta":{"footnotes":""},"class_list":["post-36108","page","type-page","status-publish"],"yoast_head":"<!-- This site is optimized with the Yoast SEO plugin v25.3 - https:\/\/yoast.com\/wordpress\/plugins\/seo\/ -->\n<title>Instrumentos normativos - Administraci\u00f3n del Patrimonio de la Beneficencia P\u00fablica<\/title>\n<meta name=\"robots\" content=\"noindex, follow, max-snippet:-1, max-image-preview:large, max-video-preview:-1\" \/>\n<meta property=\"og:locale\" content=\"es_MX\" \/>\n<meta property=\"og:type\" content=\"article\" \/>\n<meta property=\"og:title\" content=\"Instrumentos normativos - Administraci\u00f3n del Patrimonio de la Beneficencia P\u00fablica\" \/>\n<meta property=\"og:description\" content=\"Instrumentos normativos Planeaci\u00f3n \u00a0 \u00a0 Decreto de Creaci\u00f3n APABEP\" \/>\n<meta property=\"og:url\" content=\"https:\/\/apabep.qroo.gob.mx\/index.php\/instrumentos-normativos\/\" \/>\n<meta property=\"og:site_name\" content=\"Administraci\u00f3n del Patrimonio de la Beneficencia P\u00fablica\" \/>\n<meta property=\"article:modified_time\" content=\"2026-04-16T23:51:43+00:00\" \/>\n<meta name=\"twitter:card\" content=\"summary_large_image\" \/>\n<meta name=\"twitter:label1\" content=\"Tiempo de lectura\" \/>\n\t<meta name=\"twitter:data1\" content=\"1 minuto\" \/>\n<script type=\"application\/ld+json\" class=\"yoast-schema-graph\">{\"@context\":\"https:\/\/schema.org\",\"@graph\":[{\"@type\":\"WebPage\",\"@id\":\"https:\/\/apabep.qroo.gob.mx\/index.php\/instrumentos-normativos\/\",\"url\":\"https:\/\/apabep.qroo.gob.mx\/index.php\/instrumentos-normativos\/\",\"name\":\"Instrumentos normativos - Administraci\u00f3n del Patrimonio de la Beneficencia P\u00fablica\",\"isPartOf\":{\"@id\":\"https:\/\/apabep.qroo.gob.mx\/#website\"},\"datePublished\":\"2024-08-23T19:31:39+00:00\",\"dateModified\":\"2026-04-16T23:51:43+00:00\",\"breadcrumb\":{\"@id\":\"https:\/\/apabep.qroo.gob.mx\/index.php\/instrumentos-normativos\/#breadcrumb\"},\"inLanguage\":\"es\",\"potentialAction\":[{\"@type\":\"ReadAction\",\"target\":[\"https:\/\/apabep.qroo.gob.mx\/index.php\/instrumentos-normativos\/\"]}]},{\"@type\":\"BreadcrumbList\",\"@id\":\"https:\/\/apabep.qroo.gob.mx\/index.php\/instrumentos-normativos\/#breadcrumb\",\"itemListElement\":[{\"@type\":\"ListItem\",\"position\":1,\"name\":\"Inicio\",\"item\":\"https:\/\/apabep.qroo.gob.mx\/\"},{\"@type\":\"ListItem\",\"position\":2,\"name\":\"Instrumentos normativos\"}]},{\"@type\":\"WebSite\",\"@id\":\"https:\/\/apabep.qroo.gob.mx\/#website\",\"url\":\"https:\/\/apabep.qroo.gob.mx\/\",\"name\":\"Administraci\u00f3n del Patrimonio de la Beneficencia P\u00fablica\",\"description\":\"La Beneficencia otorga beneficios en especie en temas de salud a trav\u00e9s de sus distintos programas asistenciales.\",\"publisher\":{\"@id\":\"https:\/\/apabep.qroo.gob.mx\/#organization\"},\"potentialAction\":[{\"@type\":\"SearchAction\",\"target\":{\"@type\":\"EntryPoint\",\"urlTemplate\":\"https:\/\/apabep.qroo.gob.mx\/?s={search_term_string}\"},\"query-input\":{\"@type\":\"PropertyValueSpecification\",\"valueRequired\":true,\"valueName\":\"search_term_string\"}}],\"inLanguage\":\"es\"},{\"@type\":\"Organization\",\"@id\":\"https:\/\/apabep.qroo.gob.mx\/#organization\",\"name\":\"Administraci\u00f3n del Patrimonio de la Beneficencia P\u00fablica\",\"url\":\"https:\/\/apabep.qroo.gob.mx\/\",\"logo\":{\"@type\":\"ImageObject\",\"inLanguage\":\"es\",\"@id\":\"https:\/\/apabep.qroo.gob.mx\/#\/schema\/logo\/image\/\",\"url\":\"https:\/\/apabep.qroo.gob.mx\/wp-content\/uploads\/2024\/06\/cropped-APABEP.png\",\"contentUrl\":\"https:\/\/apabep.qroo.gob.mx\/wp-content\/uploads\/2024\/06\/cropped-APABEP.png\",\"width\":1752,\"height\":793,\"caption\":\"Administraci\u00f3n del Patrimonio de la Beneficencia P\u00fablica\"},\"image\":{\"@id\":\"https:\/\/apabep.qroo.gob.mx\/#\/schema\/logo\/image\/\"}}]}<\/script>\n<!-- \/ Yoast SEO plugin. -->","yoast_head_json":{"title":"Instrumentos normativos - Administraci\u00f3n del Patrimonio de la Beneficencia P\u00fablica","robots":{"index":"noindex","follow":"follow","max-snippet":"max-snippet:-1","max-image-preview":"max-image-preview:large","max-video-preview":"max-video-preview:-1"},"og_locale":"es_MX","og_type":"article","og_title":"Instrumentos normativos - Administraci\u00f3n del Patrimonio de la Beneficencia P\u00fablica","og_description":"Instrumentos normativos Planeaci\u00f3n \u00a0 \u00a0 Decreto de Creaci\u00f3n APABEP","og_url":"https:\/\/apabep.qroo.gob.mx\/index.php\/instrumentos-normativos\/","og_site_name":"Administraci\u00f3n del Patrimonio de la Beneficencia P\u00fablica","article_modified_time":"2026-04-16T23:51:43+00:00","twitter_card":"summary_large_image","twitter_misc":{"Tiempo de lectura":"1 minuto"},"schema":{"@context":"https:\/\/schema.org","@graph":[{"@type":"WebPage","@id":"https:\/\/apabep.qroo.gob.mx\/index.php\/instrumentos-normativos\/","url":"https:\/\/apabep.qroo.gob.mx\/index.php\/instrumentos-normativos\/","name":"Instrumentos normativos - Administraci\u00f3n del Patrimonio de la Beneficencia P\u00fablica","isPartOf":{"@id":"https:\/\/apabep.qroo.gob.mx\/#website"},"datePublished":"2024-08-23T19:31:39+00:00","dateModified":"2026-04-16T23:51:43+00:00","breadcrumb":{"@id":"https:\/\/apabep.qroo.gob.mx\/index.php\/instrumentos-normativos\/#breadcrumb"},"inLanguage":"es","potentialAction":[{"@type":"ReadAction","target":["https:\/\/apabep.qroo.gob.mx\/index.php\/instrumentos-normativos\/"]}]},{"@type":"BreadcrumbList","@id":"https:\/\/apabep.qroo.gob.mx\/index.php\/instrumentos-normativos\/#breadcrumb","itemListElement":[{"@type":"ListItem","position":1,"name":"Inicio","item":"https:\/\/apabep.qroo.gob.mx\/"},{"@type":"ListItem","position":2,"name":"Instrumentos normativos"}]},{"@type":"WebSite","@id":"https:\/\/apabep.qroo.gob.mx\/#website","url":"https:\/\/apabep.qroo.gob.mx\/","name":"Administraci\u00f3n del Patrimonio de la Beneficencia P\u00fablica","description":"La Beneficencia otorga beneficios en especie en temas de salud a trav\u00e9s de sus distintos programas asistenciales.","publisher":{"@id":"https:\/\/apabep.qroo.gob.mx\/#organization"},"potentialAction":[{"@type":"SearchAction","target":{"@type":"EntryPoint","urlTemplate":"https:\/\/apabep.qroo.gob.mx\/?s={search_term_string}"},"query-input":{"@type":"PropertyValueSpecification","valueRequired":true,"valueName":"search_term_string"}}],"inLanguage":"es"},{"@type":"Organization","@id":"https:\/\/apabep.qroo.gob.mx\/#organization","name":"Administraci\u00f3n del Patrimonio de la Beneficencia P\u00fablica","url":"https:\/\/apabep.qroo.gob.mx\/","logo":{"@type":"ImageObject","inLanguage":"es","@id":"https:\/\/apabep.qroo.gob.mx\/#\/schema\/logo\/image\/","url":"https:\/\/apabep.qroo.gob.mx\/wp-content\/uploads\/2024\/06\/cropped-APABEP.png","contentUrl":"https:\/\/apabep.qroo.gob.mx\/wp-content\/uploads\/2024\/06\/cropped-APABEP.png","width":1752,"height":793,"caption":"Administraci\u00f3n del Patrimonio de la Beneficencia P\u00fablica"},"image":{"@id":"https:\/\/apabep.qroo.gob.mx\/#\/schema\/logo\/image\/"}}]}},"_links":{"self":[{"href":"https:\/\/apabep.qroo.gob.mx\/index.php\/wp-json\/wp\/v2\/pages\/36108","targetHints":{"allow":["GET"]}}],"collection":[{"href":"https:\/\/apabep.qroo.gob.mx\/index.php\/wp-json\/wp\/v2\/pages"}],"about":[{"href":"https:\/\/apabep.qroo.gob.mx\/index.php\/wp-json\/wp\/v2\/types\/page"}],"author":[{"embeddable":true,"href":"https:\/\/apabep.qroo.gob.mx\/index.php\/wp-json\/wp\/v2\/users\/4"}],"replies":[{"embeddable":true,"href":"https:\/\/apabep.qroo.gob.mx\/index.php\/wp-json\/wp\/v2\/comments?post=36108"}],"version-history":[{"count":31,"href":"https:\/\/apabep.qroo.gob.mx\/index.php\/wp-json\/wp\/v2\/pages\/36108\/revisions"}],"predecessor-version":[{"id":37427,"href":"https:\/\/apabep.qroo.gob.mx\/index.php\/wp-json\/wp\/v2\/pages\/36108\/revisions\/37427"}],"wp:attachment":[{"href":"https:\/\/apabep.qroo.gob.mx\/index.php\/wp-json\/wp\/v2\/media?parent=36108"}],"curies":[{"name":"wp","href":"https:\/\/api.w.org\/{rel}","templated":true}]}}